CRAN Package Check Results for Package YatesAlgo.FactorialExp.SR

Last updated on 2022-10-04 06:56:40 CEST.

Flavor Version Tinstall Tcheck Ttotal Status Flags
r-devel-linux-x86_64-debian-clang 4.0.4 1.87 20.38 22.25 OK
r-devel-linux-x86_64-debian-gcc 4.0.4 1.63 16.04 17.67 OK
r-devel-linux-x86_64-fedora-clang 4.0.4 39.72 NOTE
r-devel-linux-x86_64-fedora-gcc 4.0.4 37.94 NOTE
r-devel-windows-x86_64 4.0.4 73.00 46.00 119.00 OK
r-patched-linux-x86_64 4.0.4 1.70 20.04 21.74 OK
r-release-linux-x86_64 4.0.4 1.75 19.62 21.37 OK
r-release-macos-arm64 4.0.4 14.00 NOTE
r-release-macos-x86_64 4.0.4 18.00 NOTE
r-release-windows-x86_64 4.0.4 19.00 44.00 63.00 OK
r-oldrel-macos-arm64 4.0.4 16.00 NOTE
r-oldrel-macos-x86_64 4.0.4 23.00 NOTE
r-oldrel-windows-ix86+x86_64 4.0.4 5.00 42.00 47.00 OK

Check Details

Version: 4.0.4
Check: dependencies in R code
Result: NOTE
    Namespace in Imports field not imported from: ‘lubridate’
     All declared Imports should be used.
Flavors: r-devel-linux-x86_64-fedora-clang, r-devel-linux-x86_64-fedora-gcc, r-release-macos-arm64, r-release-macos-x86_64, r-oldrel-macos-arm64, r-oldrel-macos-x86_64