Last updated on 2023-02-03 06:50:38 CET.
Flavor | Version | Tinstall | Tcheck | Ttotal | Status | Flags |
---|---|---|---|---|---|---|
r-devel-linux-x86_64-debian-clang | 4.0.4 | 2.02 | 19.24 | 21.26 | OK | |
r-devel-linux-x86_64-debian-gcc | 4.0.4 | 1.56 | 15.44 | 17.00 | OK | |
r-devel-linux-x86_64-fedora-clang | 4.0.4 | 27.81 | NOTE | |||
r-devel-linux-x86_64-fedora-gcc | 4.0.4 | 26.58 | NOTE | |||
r-patched-linux-x86_64 | 4.0.4 | 1.26 | 20.29 | 21.55 | OK | |
r-release-linux-x86_64 | 4.0.4 | 1.64 | 20.23 | 21.87 | OK | |
r-release-macos-arm64 | 4.0.4 | 14.00 | NOTE | |||
r-release-macos-x86_64 | 4.0.4 | 18.00 | NOTE | |||
r-release-windows-x86_64 | 4.0.4 | 5.00 | 48.00 | 53.00 | OK | |
r-oldrel-macos-arm64 | 4.0.4 | 16.00 | NOTE | |||
r-oldrel-macos-x86_64 | 4.0.4 | 23.00 | NOTE | |||
r-oldrel-windows-ix86+x86_64 | 4.0.4 | 4.00 | 43.00 | 47.00 | OK |
Version: 4.0.4
Check: dependencies in R code
Result: NOTE
Namespace in Imports field not imported from: ‘lubridate’
All declared Imports should be used.
Flavors: r-devel-linux-x86_64-fedora-clang, r-devel-linux-x86_64-fedora-gcc, r-release-macos-arm64, r-release-macos-x86_64, r-oldrel-macos-arm64, r-oldrel-macos-x86_64