CRAN Package Check Results for Package aMNLFA

Last updated on 2021-01-16 06:51:00 CET.

Flavor Version Tinstall Tcheck Ttotal Status Flags
r-devel-linux-x86_64-debian-clang 0.1 5.75 48.66 54.41 OK
r-devel-linux-x86_64-debian-gcc 0.1 4.34 37.63 41.97 OK
r-devel-linux-x86_64-fedora-clang 0.1 73.87 NOTE
r-devel-linux-x86_64-fedora-gcc 0.1 63.12 NOTE
r-devel-windows-ix86+x86_64 0.1 9.00 50.00 59.00 OK
r-patched-linux-x86_64 0.1 4.63 46.11 50.74 OK
r-patched-solaris-x86 0.1 86.40 NOTE
r-release-linux-x86_64 0.1 5.80 46.45 52.25 OK
r-release-macos-x86_64 0.1 NOTE
r-release-windows-ix86+x86_64 0.1 10.00 53.00 63.00 OK
r-oldrel-macos-x86_64 0.1 NOTE
r-oldrel-windows-ix86+x86_64 0.1 9.00 50.00 59.00 OK

Check Details

Version: 0.1
Check: dependencies in R code
Result: NOTE
    Namespaces in Imports field not imported from:
     ‘devtools’ ‘gridExtra’
     All declared Imports should be used.
Flavors: r-devel-linux-x86_64-fedora-clang, r-devel-linux-x86_64-fedora-gcc, r-patched-solaris-x86, r-release-macos-x86_64, r-oldrel-macos-x86_64