CRAN Package Check Results for Package abjData

Last updated on 2023-03-27 06:49:59 CEST.

Flavor Version Tinstall Tcheck Ttotal Status Flags
r-devel-linux-x86_64-debian-clang 1.1.2 15.19 23.42 38.61 OK
r-devel-linux-x86_64-debian-gcc 1.1.2 13.31 18.77 32.08 OK
r-devel-linux-x86_64-fedora-clang 1.1.2 52.85 NOTE
r-devel-linux-x86_64-fedora-gcc 1.1.2 52.18 NOTE
r-devel-windows-x86_64 1.1.2 34.00 53.00 87.00 OK
r-patched-linux-x86_64 1.1.2 16.62 22.91 39.53 OK
r-release-linux-x86_64 1.1.2 14.62 25.58 40.20 OK
r-release-macos-arm64 1.1.2 23.00 NOTE
r-release-macos-x86_64 1.1.2 36.00 NOTE
r-release-windows-x86_64 1.1.2 28.00 43.00 71.00 OK
r-oldrel-macos-arm64 1.1.2 24.00 NOTE
r-oldrel-macos-x86_64 1.1.2 36.00 NOTE
r-oldrel-windows-ix86+x86_64 1.1.2 29.00 40.00 69.00 OK

Check Details

Version: 1.1.2
Check: data for non-ASCII characters
Result: NOTE
     Note: found 134469 marked UTF-8 strings
Flavors: r-devel-linux-x86_64-fedora-clang, r-devel-linux-x86_64-fedora-gcc, r-release-macos-arm64, r-release-macos-x86_64, r-oldrel-macos-arm64, r-oldrel-macos-x86_64