CRAN Package Check Results for Package abjutils

Last updated on 2024-06-13 06:57:53 CEST.

Flavor Version Tinstall Tcheck Ttotal Status Flags
r-devel-linux-x86_64-debian-clang 0.3.2 2.98 29.08 32.06 OK
r-devel-linux-x86_64-debian-gcc 0.3.2 0.23 1.53 1.76 ERROR
r-devel-linux-x86_64-fedora-clang 0.3.2 41.79 OK
r-devel-linux-x86_64-fedora-gcc 0.3.2 38.44 OK
r-devel-windows-x86_64 0.3.2 4.00 46.00 50.00 OK
r-patched-linux-x86_64 0.3.2 2.70 28.01 30.71 OK
r-release-linux-x86_64 0.3.2 1.67 28.64 30.31 OK
r-release-macos-arm64 0.3.2 23.00 OK
r-release-macos-x86_64 0.3.2 26.00 OK
r-release-windows-x86_64 0.3.2 4.00 44.00 48.00 OK
r-oldrel-macos-arm64 0.3.2 18.00 OK
r-oldrel-macos-x86_64 0.3.2 23.00 OK
r-oldrel-windows-x86_64 0.3.2 6.00 50.00 56.00 OK

Check Details

Version: 0.3.2
Check: package dependencies
Result: ERROR Packages required but not available: 'dplyr', 'purrr', 'stringr', 'tidyr' Package suggested but not available for checking: ‘testthat’ See section ‘The DESCRIPTION file’ in the ‘Writing R Extensions’ manual. Flavor: r-devel-linux-x86_64-debian-gcc