Last updated on 2023-06-01 06:58:26 CEST.
Flavor | Version | Tinstall | Tcheck | Ttotal | Status | Flags |
---|---|---|---|---|---|---|
r-devel-linux-x86_64-debian-clang | 1.3.3 | 72.05 | 86.29 | 158.34 | OK | |
r-devel-linux-x86_64-debian-gcc | 1.3.3 | 57.57 | 63.72 | 121.29 | OK | |
r-devel-linux-x86_64-fedora-clang | 1.3.3 | 222.92 | NOTE | |||
r-devel-linux-x86_64-fedora-gcc | 1.3.3 | 234.78 | NOTE | |||
r-devel-windows-x86_64 | 1.3.3 | 58.00 | 98.00 | 156.00 | OK | |
r-patched-linux-x86_64 | 1.3.3 | OK | ||||
r-release-linux-x86_64 | 1.3.3 | 58.38 | 81.39 | 139.77 | OK | |
r-release-macos-arm64 | 1.3.3 | 59.00 | OK | |||
r-release-macos-x86_64 | 1.3.3 | 92.00 | OK | |||
r-release-windows-x86_64 | 1.3.3 | 78.00 | 121.00 | 199.00 | OK | |
r-oldrel-macos-arm64 | 1.3.3 | 59.00 | OK | |||
r-oldrel-macos-x86_64 | 1.3.3 | 71.00 | OK | |||
r-oldrel-windows-x86_64 | 1.3.3 | 70.00 | 116.00 | 186.00 | OK |
Version: 1.3.3
Check: compiled code
Result: NOTE
File ‘acc/libs/acc.so’:
Found no calls to: ‘R_registerRoutines’, ‘R_useDynamicSymbols’
It is good practice to register native routines and to disable symbol
search.
See ‘Writing portable packages’ in the ‘Writing R Extensions’ manual.
Flavors: r-devel-linux-x86_64-fedora-clang, r-devel-linux-x86_64-fedora-gcc