CRAN Package Check Results for Package accelmissing

Last updated on 2024-02-26 07:49:53 CET.

Flavor Version Tinstall Tcheck Ttotal Status Flags
r-devel-linux-x86_64-debian-clang 1.4 12.43 129.99 142.42 NOTE
r-devel-linux-x86_64-debian-gcc 1.4 12.52 96.71 109.23 NOTE
r-devel-linux-x86_64-fedora-clang 1.4 182.62 NOTE
r-devel-linux-x86_64-fedora-gcc 1.4 179.59 NOTE
r-devel-windows-x86_64 1.4 14.00 108.00 122.00 OK
r-patched-linux-x86_64 1.4 18.42 127.73 146.15 NOTE
r-release-linux-x86_64 1.4 12.58 125.93 138.51 NOTE
r-release-macos-arm64 1.4 39.00 OK
r-release-macos-x86_64 1.4 64.00 OK
r-release-windows-x86_64 1.4 19.00 131.00 150.00 OK
r-oldrel-macos-arm64 1.4 36.00 OK
r-oldrel-windows-x86_64 1.4 18.00 133.00 151.00 OK

Check Details

Version: 1.4
Check: Rd files
Result: NOTE checkRd: (-1) accelimp.Rd:15: Lost braces 15 | \item[]{...} | ^ Flavors: r-devel-linux-x86_64-debian-clang, r-devel-linux-x86_64-debian-gcc, r-devel-linux-x86_64-fedora-clang, r-devel-linux-x86_64-fedora-gcc

Version: 1.4
Check: for non-standard things in the check directory
Result: NOTE Found the following files/directories: ‘acceldata2.RData’ Flavors: r-devel-linux-x86_64-debian-clang, r-devel-linux-x86_64-debian-gcc, r-devel-linux-x86_64-fedora-clang, r-devel-linux-x86_64-fedora-gcc, r-patched-linux-x86_64, r-release-linux-x86_64