Last updated on 2023-03-30 06:53:07 CEST.
Flavor | Version | Tinstall | Tcheck | Ttotal | Status | Flags |
---|---|---|---|---|---|---|
r-devel-linux-x86_64-debian-clang | 1.0.0 | 6.84 | 68.96 | 75.80 | OK | |
r-devel-linux-x86_64-debian-gcc | 1.0.0 | 5.25 | 51.34 | 56.59 | OK | |
r-devel-linux-x86_64-fedora-clang | 1.0.0 | 96.12 | OK | |||
r-devel-linux-x86_64-fedora-gcc | 1.0.0 | 92.26 | OK | |||
r-devel-windows-x86_64 | 1.0.0 | 33.00 | 109.00 | 142.00 | OK | |
r-patched-linux-x86_64 | 1.0.0 | 7.21 | 64.75 | 71.96 | OK | |
r-release-linux-x86_64 | 1.0.0 | 7.28 | 66.41 | 73.69 | OK | |
r-release-macos-arm64 | 1.0.0 | 38.00 | OK | |||
r-release-macos-x86_64 | 1.0.0 | 53.00 | NOTE | |||
r-release-windows-x86_64 | 1.0.0 | 26.00 | 116.00 | 142.00 | OK | |
r-oldrel-macos-arm64 | 1.0.0 | 34.00 | OK | |||
r-oldrel-macos-x86_64 | 1.0.0 | 49.00 | OK | |||
r-oldrel-windows-ix86+x86_64 | 1.0.0 | 17.00 | 96.00 | 113.00 | OK |
Version: 1.0.0
Check: package dependencies
Result: NOTE
Package suggested but not available for checking: ‘testthat’
Flavor: r-release-macos-x86_64