CRAN Package Check Results for Package ace2fastq

Last updated on 2023-03-20 05:52:03 CET.

Flavor Version Tinstall Tcheck Ttotal Status Flags
r-devel-linux-x86_64-debian-clang 0.6.0 NOTE
r-devel-linux-x86_64-debian-gcc 0.6.0 2.70 26.40 29.10 NOTE
r-devel-linux-x86_64-fedora-clang 0.6.0 46.79 NOTE
r-devel-linux-x86_64-fedora-gcc 0.6.0 55.31 NOTE
r-devel-windows-x86_64 0.6.0 10.00 65.00 75.00 NOTE
r-patched-linux-x86_64 0.6.0 2.86 33.36 36.22 NOTE
r-release-linux-x86_64 0.6.0 2.15 34.10 36.25 NOTE
r-release-macos-arm64 0.6.0 20.00 NOTE
r-release-macos-x86_64 0.6.0 26.00 NOTE
r-release-windows-x86_64 0.6.0 12.00 66.00 78.00 NOTE
r-oldrel-macos-arm64 0.6.0 21.00 NOTE
r-oldrel-macos-x86_64 0.6.0 26.00 NOTE
r-oldrel-windows-ix86+x86_64 0.6.0 8.00 61.00 69.00 NOTE

Check Details

Version: 0.6.0
Check: LazyData
Result: NOTE
     'LazyData' is specified without a 'data' directory
Flavors: r-devel-linux-x86_64-debian-clang, r-devel-linux-x86_64-debian-gcc, r-devel-linux-x86_64-fedora-clang, r-devel-linux-x86_64-fedora-gcc, r-devel-windows-x86_64, r-patched-linux-x86_64, r-release-linux-x86_64, r-release-macos-arm64, r-release-macos-x86_64, r-release-windows-x86_64, r-oldrel-macos-arm64, r-oldrel-macos-x86_64, r-oldrel-windows-ix86+x86_64