CRAN Package Check Results for Package acfMPeriod

Last updated on 2023-03-25 05:50:25 CET.

Flavor Version Tinstall Tcheck Ttotal Status Flags
r-devel-linux-x86_64-debian-clang 1.0.0 3.11 27.78 30.89 NOTE
r-devel-linux-x86_64-debian-gcc 1.0.0 1.56 21.30 22.86 NOTE
r-devel-linux-x86_64-fedora-clang 1.0.0 38.52 NOTE
r-devel-linux-x86_64-fedora-gcc 1.0.0 35.61 NOTE
r-devel-windows-x86_64 1.0.0 21.00 58.00 79.00 NOTE
r-patched-linux-x86_64 1.0.0 2.33 27.50 29.83 NOTE
r-release-linux-x86_64 1.0.0 2.47 27.23 29.70 NOTE
r-release-macos-arm64 1.0.0 15.00 NOTE
r-release-macos-x86_64 1.0.0 23.00 NOTE
r-release-windows-x86_64 1.0.0 20.00 53.00 73.00 NOTE
r-oldrel-macos-arm64 1.0.0 21.00 NOTE
r-oldrel-macos-x86_64 1.0.0 30.00 NOTE
r-oldrel-windows-ix86+x86_64 1.0.0 6.00 52.00 58.00 NOTE

Check Details

Version: 1.0.0
Check: LazyData
Result: NOTE
     'LazyData' is specified without a 'data' directory
Flavors: r-devel-linux-x86_64-debian-clang, r-devel-linux-x86_64-debian-gcc, r-devel-linux-x86_64-fedora-clang, r-devel-linux-x86_64-fedora-gcc, r-devel-windows-x86_64, r-patched-linux-x86_64, r-release-linux-x86_64, r-release-macos-arm64, r-release-macos-x86_64, r-release-windows-x86_64, r-oldrel-macos-arm64, r-oldrel-macos-x86_64, r-oldrel-windows-ix86+x86_64