CRAN Package Check Results for Package act

Last updated on 2022-07-04 06:51:17 CEST.

Flavor Version Tinstall Tcheck Ttotal Status Flags
r-devel-linux-x86_64-debian-clang 1.1.9 17.50 82.57 100.07 OK
r-devel-linux-x86_64-debian-gcc 1.1.9 10.61 62.36 72.97 OK
r-devel-linux-x86_64-fedora-clang 1.1.9 125.32 NOTE
r-devel-linux-x86_64-fedora-gcc 1.1.9 126.12 NOTE
r-devel-windows-x86_64 1.1.9 79.00 130.00 209.00 OK
r-patched-linux-x86_64 1.1.9 12.22 80.29 92.51 OK
r-release-linux-x86_64 1.1.9 12.85 79.67 92.52 OK
r-release-macos-arm64 1.1.9 38.00 NOTE
r-release-macos-x86_64 1.1.9 50.00 NOTE
r-release-windows-x86_64 1.1.9 86.00 121.00 207.00 OK
r-oldrel-macos-arm64 1.1.9 37.00 NOTE
r-oldrel-macos-x86_64 1.1.9 50.00 NOTE
r-oldrel-windows-ix86+x86_64 1.1.9 27.00 109.00 136.00 OK

Check Details

Version: 1.1.9
Check: data for non-ASCII characters
Result: NOTE
     Note: found 305 marked UTF-8 strings
Flavors: r-devel-linux-x86_64-fedora-clang, r-devel-linux-x86_64-fedora-gcc, r-release-macos-arm64, r-release-macos-x86_64, r-oldrel-macos-arm64, r-oldrel-macos-x86_64