CRAN Package Check Results for Package activAnalyzer

Last updated on 2022-12-05 06:51:34 CET.

Flavor Version Tinstall Tcheck Ttotal Status Flags
r-devel-linux-x86_64-debian-clang 1.0.5 24.60 226.02 250.62 OK
r-devel-linux-x86_64-debian-gcc 1.1.0 16.95 187.13 204.08 OK
r-devel-linux-x86_64-fedora-clang 1.1.0 372.63 NOTE
r-devel-linux-x86_64-fedora-gcc 1.1.0 387.47 NOTE
r-devel-windows-x86_64 1.1.0 99.00 291.00 390.00 OK
r-patched-linux-x86_64 1.1.0 22.71 239.52 262.23 OK
r-release-linux-x86_64 1.1.0 22.79 244.92 267.71 OK
r-release-macos-arm64 1.1.0 83.00 NOTE
r-release-macos-x86_64 1.1.0 123.00 NOTE
r-release-windows-x86_64 1.1.0 63.00 315.00 378.00 OK
r-oldrel-macos-arm64 1.1.0 82.00 NOTE
r-oldrel-macos-x86_64 1.1.0 129.00 NOTE
r-oldrel-windows-ix86+x86_64 1.0.5 45.00 259.00 304.00 OK

Check Details

Version: 1.1.0
Check: package dependencies
Result: NOTE
    Imports includes 24 non-default packages.
    Importing from so many packages makes the package vulnerable to any of
    them becoming unavailable. Move as many as possible to Suggests and
    use conditionally.
Flavor: r-devel-linux-x86_64-fedora-clang

Version: 1.1.0
Check: dependencies in R code
Result: NOTE
    Namespace in Imports field not imported from: ‘patchwork’
     All declared Imports should be used.
Flavors: r-devel-linux-x86_64-fedora-clang, r-devel-linux-x86_64-fedora-gcc, r-release-macos-arm64, r-release-macos-x86_64, r-oldrel-macos-arm64, r-oldrel-macos-x86_64