Last updated on 2023-09-24 06:53:31 CEST.
Flavor | Version | Tinstall | Tcheck | Ttotal | Status | Flags |
---|---|---|---|---|---|---|
r-devel-linux-x86_64-debian-clang | 2.0.1 | 24.19 | 410.66 | 434.85 | OK | |
r-devel-linux-x86_64-debian-gcc | 2.0.1 | 19.25 | 294.10 | 313.35 | OK | |
r-devel-linux-x86_64-fedora-clang | 2.0.1 | 520.79 | NOTE | |||
r-devel-linux-x86_64-fedora-gcc | 2.0.1 | 569.67 | OK | |||
r-devel-windows-x86_64 | 2.0.1 | 24.00 | 316.00 | 340.00 | OK | |
r-patched-linux-x86_64 | 2.0.1 | 22.20 | 397.57 | 419.77 | OK | |
r-release-linux-x86_64 | 2.0.1 | 24.21 | 394.59 | 418.80 | OK | |
r-release-macos-arm64 | 2.0.1 | 161.00 | OK | |||
r-release-macos-x86_64 | 2.0.1 | 306.00 | OK | |||
r-release-windows-x86_64 | 2.0.1 | 30.00 | 414.00 | 444.00 | OK | |
r-oldrel-macos-arm64 | 2.0.1 | 145.00 | OK | |||
r-oldrel-macos-x86_64 | 2.0.1 | 240.00 | OK | |||
r-oldrel-windows-x86_64 | 2.0.1 | 35.00 | 382.00 | 417.00 | OK |
Version: 2.0.1
Check: package dependencies
Result: NOTE
Imports includes 25 non-default packages.
Importing from so many packages makes the package vulnerable to any of
them becoming unavailable. Move as many as possible to Suggests and
use conditionally.
Flavor: r-devel-linux-x86_64-fedora-clang