CRAN Package Check Results for Package actuaryr

Last updated on 2022-10-03 07:49:50 CEST.

Flavor Version Tinstall Tcheck Ttotal Status Flags
r-devel-linux-x86_64-debian-clang 1.1.1 2.88 35.78 38.66 NOTE
r-devel-linux-x86_64-debian-gcc 1.1.1 2.25 26.71 28.96 NOTE
r-devel-linux-x86_64-fedora-clang 1.1.1 59.21 NOTE
r-devel-linux-x86_64-fedora-gcc 1.1.1 57.95 NOTE
r-devel-windows-x86_64 1.1.1 19.00 69.00 88.00 NOTE
r-patched-linux-x86_64 1.1.1 3.20 34.90 38.10 NOTE
r-release-linux-x86_64 1.1.1 2.85 34.31 37.16 NOTE
r-release-macos-arm64 1.1.1 20.00 NOTE
r-release-macos-x86_64 1.1.1 26.00 NOTE
r-release-windows-x86_64 1.1.1 29.00 70.00 99.00 NOTE
r-oldrel-macos-arm64 1.1.1 26.00 NOTE
r-oldrel-macos-x86_64 1.1.1 33.00 NOTE
r-oldrel-windows-ix86+x86_64 1.1.1 8.00 62.00 70.00 NOTE

Check Details

Version: 1.1.1
Check: LazyData
Result: NOTE
     'LazyData' is specified without a 'data' directory
Flavors: r-devel-linux-x86_64-debian-clang, r-devel-linux-x86_64-debian-gcc, r-devel-linux-x86_64-fedora-clang, r-devel-linux-x86_64-fedora-gcc, r-devel-windows-x86_64, r-patched-linux-x86_64, r-release-linux-x86_64, r-release-macos-arm64, r-release-macos-x86_64, r-release-windows-x86_64, r-oldrel-macos-arm64, r-oldrel-macos-x86_64, r-oldrel-windows-ix86+x86_64