Last updated on 2023-02-02 06:54:41 CET.
Flavor | Version | Tinstall | Tcheck | Ttotal | Status | Flags |
---|---|---|---|---|---|---|
r-devel-linux-x86_64-debian-clang | 1.1 | 41.33 | 31.31 | 72.64 | NOTE | |
r-devel-linux-x86_64-debian-gcc | 1.1 | 31.43 | 24.44 | 55.87 | NOTE | |
r-devel-linux-x86_64-fedora-clang | 1.1 | 102.66 | NOTE | |||
r-devel-linux-x86_64-fedora-gcc | 1.1 | 92.43 | NOTE | |||
r-patched-linux-x86_64 | 1.1 | 31.77 | 30.13 | 61.90 | OK | |
r-release-linux-x86_64 | 1.1 | 34.11 | 30.50 | 64.61 | OK | |
r-release-macos-arm64 | 1.1 | 29.00 | OK | |||
r-release-macos-x86_64 | 1.1 | 41.00 | OK | |||
r-release-windows-x86_64 | 1.1 | 41.00 | 84.00 | 125.00 | OK | |
r-oldrel-macos-arm64 | 1.1 | 34.00 | OK | |||
r-oldrel-macos-x86_64 | 1.1 | 40.00 | OK | |||
r-oldrel-windows-ix86+x86_64 | 1.1 | 96.00 | 84.00 | 180.00 | OK |
Version: 1.1
Check: C++ specification
Result: NOTE
Specified C++11: please update to current default of C++17
Flavors: r-devel-linux-x86_64-debian-clang, r-devel-linux-x86_64-debian-gcc, r-devel-linux-x86_64-fedora-clang, r-devel-linux-x86_64-fedora-gcc