CRAN Package Check Results for Package adagio

Last updated on 2020-08-05 06:47:13 CEST.

Flavor Version Tinstall Tcheck Ttotal Status Flags
r-devel-linux-x86_64-debian-clang 0.7.1 4.94 29.09 34.03 OK
r-devel-linux-x86_64-debian-gcc 0.7.1 4.51 21.98 26.49 OK
r-devel-linux-x86_64-fedora-clang 0.7.1 49.48 NOTE
r-devel-linux-x86_64-fedora-gcc 0.7.1 41.54 NOTE
r-devel-windows-ix86+x86_64 0.7.1 19.00 47.00 66.00 OK
r-patched-linux-x86_64 0.7.1 4.78 28.55 33.33 OK
r-patched-solaris-x86 0.7.1 65.80 OK
r-release-linux-x86_64 0.7.1 5.79 28.71 34.50 OK
r-release-macos-x86_64 0.7.1 OK
r-release-windows-ix86+x86_64 0.7.1 13.00 51.00 64.00 OK
r-oldrel-macos-x86_64 0.7.1 OK
r-oldrel-windows-ix86+x86_64 0.7.1 14.00 66.00 80.00 OK

Check Details

Version: 0.7.1
Check: compiled code
Result: NOTE
    File ‘adagio/libs/adagio.so’:
     Found no calls to: ‘R_registerRoutines’, ‘R_useDynamicSymbols’
    
    It is good practice to register native routines and to disable symbol
    search.
    
    See ‘Writing portable packages’ in the ‘Writing R Extensions’ manual.
Flavors: r-devel-linux-x86_64-fedora-clang, r-devel-linux-x86_64-fedora-gcc