Last updated on 2023-03-24 05:52:06 CET.
Flavor | Version | Tinstall | Tcheck | Ttotal | Status | Flags |
---|---|---|---|---|---|---|
r-devel-linux-x86_64-debian-clang | 0.1.6 | 7.98 | 63.72 | 71.70 | NOTE | |
r-devel-linux-x86_64-debian-gcc | 0.1.6 | 6.81 | 48.41 | 55.22 | NOTE | |
r-devel-linux-x86_64-fedora-clang | 0.1.6 | 89.92 | NOTE | |||
r-devel-linux-x86_64-fedora-gcc | 0.1.6 | 94.88 | NOTE | |||
r-devel-windows-x86_64 | 0.1.6 | 13.00 | 92.00 | 105.00 | NOTE | |
r-patched-linux-x86_64 | 0.1.6 | 8.39 | 64.09 | 72.48 | NOTE | |
r-release-linux-x86_64 | 0.1.6 | 6.52 | 62.81 | 69.33 | NOTE | |
r-release-macos-arm64 | 0.1.6 | 30.00 | NOTE | |||
r-release-macos-x86_64 | 0.1.6 | 63.00 | NOTE | |||
r-release-windows-x86_64 | 0.1.6 | 44.00 | 100.00 | 144.00 | NOTE | |
r-oldrel-macos-arm64 | 0.1.6 | 36.00 | NOTE | |||
r-oldrel-macos-x86_64 | 0.1.6 | 49.00 | NOTE | |||
r-oldrel-windows-ix86+x86_64 | 0.1.6 | 21.00 | 89.00 | 110.00 | NOTE |
Version: 0.1.6
Check: LazyData
Result: NOTE
'LazyData' is specified without a 'data' directory
Flavors: r-devel-linux-x86_64-debian-clang, r-devel-linux-x86_64-debian-gcc, r-devel-linux-x86_64-fedora-clang, r-devel-linux-x86_64-fedora-gcc, r-devel-windows-x86_64, r-patched-linux-x86_64, r-release-linux-x86_64, r-release-macos-arm64, r-release-macos-x86_64, r-release-windows-x86_64, r-oldrel-macos-arm64, r-oldrel-macos-x86_64, r-oldrel-windows-ix86+x86_64