CRAN Package Check Results for Package additiveDEA

Last updated on 2020-08-06 06:48:22 CEST.

Flavor Version Tinstall Tcheck Ttotal Status Flags
r-devel-linux-x86_64-debian-clang 1.1 3.24 28.84 32.08 OK
r-devel-linux-x86_64-debian-gcc 1.1 2.18 21.99 24.17 OK
r-devel-linux-x86_64-fedora-clang 1.1 46.63 NOTE
r-devel-linux-x86_64-fedora-gcc 1.1 37.96 NOTE
r-devel-windows-ix86+x86_64 1.1 8.00 37.00 45.00 OK
r-patched-linux-x86_64 1.1 3.42 29.17 32.59 OK
r-patched-solaris-x86 1.1 56.80 NOTE
r-release-linux-x86_64 1.1 3.06 29.37 32.43 OK
r-release-macos-x86_64 1.1 NOTE
r-release-windows-ix86+x86_64 1.1 6.00 38.00 44.00 OK
r-oldrel-macos-x86_64 1.1 NOTE
r-oldrel-windows-ix86+x86_64 1.1 5.00 36.00 41.00 OK

Check Details

Version: 1.1
Check: dependencies in R code
Result: NOTE
    Namespace in Imports field not imported from: ‘Benchmarking’
     All declared Imports should be used.
Flavors: r-devel-linux-x86_64-fedora-clang, r-devel-linux-x86_64-fedora-gcc, r-patched-solaris-x86, r-release-macos-x86_64, r-oldrel-macos-x86_64