CRAN Package Check Results for Package adehabitatMA

Last updated on 2020-11-27 06:46:40 CET.

Flavor Version Tinstall Tcheck Ttotal Status Flags
r-devel-linux-x86_64-debian-clang 0.3.14 11.14 59.40 70.54 OK
r-devel-linux-x86_64-debian-gcc 0.3.14 7.29 46.73 54.02 OK
r-devel-linux-x86_64-fedora-clang 0.3.14 87.36 NOTE
r-devel-linux-x86_64-fedora-gcc 0.3.14 77.61 NOTE
r-devel-windows-ix86+x86_64 0.3.14 21.00 104.00 125.00 OK
r-patched-linux-x86_64 0.3.14 11.02 56.59 67.61 OK
r-patched-solaris-x86 0.3.14 111.30 NOTE
r-release-linux-x86_64 0.3.14 11.21 55.69 66.90 OK
r-release-macos-x86_64 0.3.14 NOTE
r-release-windows-ix86+x86_64 0.3.14 21.00 111.00 132.00 OK
r-oldrel-macos-x86_64 0.3.14 NOTE
r-oldrel-windows-ix86+x86_64 0.3.14 16.00 98.00 114.00 OK

Check Details

Version: 0.3.14
Check: dependencies in R code
Result: NOTE
    Namespace in Imports field not imported from: ‘filehash’
     All declared Imports should be used.
Flavors: r-devel-linux-x86_64-fedora-clang, r-devel-linux-x86_64-fedora-gcc, r-patched-solaris-x86, r-release-macos-x86_64

Version: 0.3.14
Check: dependencies in R code
Result: NOTE
    No protocol specified
    No protocol specified
    No protocol specified
    No protocol specified
    Namespace in Imports field not imported from: ‘filehash’
     All declared Imports should be used.
Flavor: r-oldrel-macos-x86_64