CRAN Package Check Results for Package adeptdata

Last updated on 2022-05-24 06:50:34 CEST.

Flavor Version Tinstall Tcheck Ttotal Status Flags
r-devel-linux-x86_64-debian-clang 1.1 77.02 50.20 127.22 OK
r-devel-linux-x86_64-debian-gcc 1.1 58.53 39.69 98.22 OK
r-devel-linux-x86_64-fedora-clang 1.1 182.96 NOTE
r-devel-linux-x86_64-fedora-gcc 1.1 175.74 OK
r-devel-windows-x86_64 1.1 80.00 66.00 146.00 NOTE
r-patched-linux-x86_64 1.1 85.98 49.42 135.40 OK
r-release-linux-x86_64 1.1 OK
r-release-macos-arm64 1.1 75.00 NOTE
r-release-macos-x86_64 1.1 85.00 NOTE
r-release-windows-x86_64 1.1 78.00 65.00 143.00 NOTE
r-oldrel-macos-arm64 1.1 92.00 NOTE
r-oldrel-macos-x86_64 1.1 144.00 NOTE
r-oldrel-windows-ix86+x86_64 1.1 114.00 62.00 176.00 NOTE

Check Details

Version: 1.1
Check: installed package size
Result: NOTE
     installed size is 9.5Mb
     sub-directories of 1Mb or more:
     data 9.3Mb
Flavors: r-devel-linux-x86_64-fedora-clang, r-devel-windows-x86_64, r-release-macos-arm64, r-release-macos-x86_64, r-release-windows-x86_64, r-oldrel-macos-arm64, r-oldrel-macos-x86_64, r-oldrel-windows-ix86+x86_64