CRAN Package Check Results for Package adpss

Last updated on 2021-06-19 06:47:59 CEST.

Flavor Version Tinstall Tcheck Ttotal Status Flags
r-devel-linux-x86_64-debian-clang 0.1.1 28.38 41.97 70.35 NOTE
r-devel-linux-x86_64-debian-gcc 0.1.1 19.74 31.53 51.27 NOTE
r-devel-linux-x86_64-fedora-clang 0.1.1 103.07 NOTE
r-devel-linux-x86_64-fedora-gcc 0.1.1 88.29 NOTE
r-devel-windows-x86_64 0.1.1 37.00 68.00 105.00 NOTE
r-devel-windows-x86_64-gcc10-UCRT 0.1.1 NOTE
r-patched-linux-x86_64 0.1.1 23.28 40.72 64.00 NOTE
r-patched-solaris-x86 0.1.1 122.60 NOTE
r-release-linux-x86_64 0.1.1 23.76 41.04 64.80 NOTE
r-release-macos-arm64 0.1.1 NOTE
r-release-macos-x86_64 0.1.1 NOTE
r-release-windows-ix86+x86_64 0.1.1 65.00 102.00 167.00 NOTE
r-oldrel-macos-x86_64 0.1.1 OK
r-oldrel-windows-ix86+x86_64 0.1.1 53.00 104.00 157.00 OK

Check Details

Version: 0.1.1
Check: LazyData
Result: NOTE
     'LazyData' is specified without a 'data' directory
Flavors: r-devel-linux-x86_64-debian-clang, r-devel-linux-x86_64-debian-gcc, r-devel-linux-x86_64-fedora-clang, r-devel-linux-x86_64-fedora-gcc, r-devel-windows-x86_64, r-devel-windows-x86_64-gcc10-UCRT, r-patched-linux-x86_64, r-patched-solaris-x86, r-release-linux-x86_64, r-release-macos-arm64, r-release-macos-x86_64, r-release-windows-ix86+x86_64