CRAN Package Check Results for Package adventr

Last updated on 2023-09-24 06:53:31 CEST.

Flavor Version Tinstall Tcheck Ttotal Status Flags
r-devel-linux-x86_64-debian-clang 0.1.8 5.95 42.39 48.34 OK
r-devel-linux-x86_64-debian-gcc 0.1.8 4.63 33.30 37.93 OK
r-devel-linux-x86_64-fedora-clang 0.1.8 59.78 NOTE
r-devel-linux-x86_64-fedora-gcc 0.1.8 80.58 NOTE
r-devel-windows-x86_64 0.1.8 9.00 56.00 65.00 NOTE
r-patched-linux-x86_64 0.1.8 5.64 41.00 46.64 OK
r-release-linux-x86_64 0.1.8 5.76 41.84 47.60 OK
r-release-macos-arm64 0.1.8 32.00 NOTE
r-release-macos-x86_64 0.1.8 43.00 NOTE
r-release-windows-x86_64 0.1.8 9.00 60.00 69.00 NOTE
r-oldrel-macos-arm64 0.1.8 23.00 NOTE
r-oldrel-macos-x86_64 0.1.8 45.00 NOTE
r-oldrel-windows-x86_64 0.1.8 9.00 62.00 71.00 NOTE

Check Details

Version: 0.1.8
Check: installed package size
Result: NOTE
     installed size is 5.8Mb
     sub-directories of 1Mb or more:
     tutorials 5.6Mb
Flavors: r-devel-linux-x86_64-fedora-clang, r-devel-windows-x86_64, r-release-macos-arm64, r-release-macos-x86_64, r-release-windows-x86_64, r-oldrel-macos-arm64, r-oldrel-macos-x86_64, r-oldrel-windows-x86_64

Version: 0.1.8
Check: dependencies in R code
Result: NOTE
    Namespaces in Imports field not imported from:
     ‘BayesFactor’ ‘GGally’ ‘Hmisc’ ‘WRS2’ ‘boot’ ‘car’ ‘dplyr’ ‘effects’
     ‘effsize’ ‘forcats’ ‘ggplot2’ ‘lm.beta’ ‘nlme’ ‘readr’ ‘robust’
     ‘sandwich’ ‘sjstats’ ‘tidyr’
     All declared Imports should be used.
Flavors: r-devel-linux-x86_64-fedora-clang, r-devel-linux-x86_64-fedora-gcc, r-oldrel-macos-arm64, r-oldrel-macos-x86_64