CRAN Package Check Results for Package affinitymatrix

Last updated on 2022-07-02 07:06:52 CEST.

Flavor Version Tinstall Tcheck Ttotal Status Flags
r-devel-linux-x86_64-debian-clang 0.1.0 3.72 46.24 49.96 NOTE
r-devel-linux-x86_64-debian-gcc 0.1.0 3.23 36.95 40.18 NOTE
r-devel-linux-x86_64-fedora-clang 0.1.0 69.65 NOTE
r-devel-linux-x86_64-fedora-gcc 0.1.0 68.20 NOTE
r-devel-windows-x86_64 0.1.0 36.00 73.00 109.00 NOTE
r-patched-linux-x86_64 0.1.0 2.52 46.01 48.53 NOTE
r-release-linux-x86_64 0.1.0 2.51 47.16 49.67 NOTE
r-release-macos-arm64 0.1.0 23.00 NOTE
r-release-macos-x86_64 0.1.0 40.00 NOTE
r-release-windows-x86_64 0.1.0 28.00 77.00 105.00 NOTE
r-oldrel-macos-arm64 0.1.0 30.00 NOTE
r-oldrel-macos-x86_64 0.1.0 33.00 NOTE
r-oldrel-windows-ix86+x86_64 0.1.0 10.00 69.00 79.00 NOTE

Check Details

Version: 0.1.0
Check: LazyData
Result: NOTE
     'LazyData' is specified without a 'data' directory
Flavors: r-devel-linux-x86_64-debian-clang, r-devel-linux-x86_64-debian-gcc, r-devel-linux-x86_64-fedora-clang, r-devel-linux-x86_64-fedora-gcc, r-devel-windows-x86_64, r-patched-linux-x86_64, r-release-linux-x86_64, r-release-macos-arm64, r-release-macos-x86_64, r-release-windows-x86_64, r-oldrel-macos-arm64, r-oldrel-macos-x86_64, r-oldrel-windows-ix86+x86_64