Last updated on 2023-03-27 06:50:00 CEST.
Flavor | Version | Tinstall | Tcheck | Ttotal | Status | Flags |
---|---|---|---|---|---|---|
r-devel-linux-x86_64-debian-clang | 0.5-3 | 11.46 | 95.67 | 107.13 | OK | |
r-devel-linux-x86_64-debian-gcc | 0.5-3 | 8.74 | 74.49 | 83.23 | OK | |
r-devel-linux-x86_64-fedora-clang | 0.5-3 | 134.11 | NOTE | |||
r-devel-linux-x86_64-fedora-gcc | 0.5-3 | 129.43 | OK | |||
r-devel-windows-x86_64 | 0.5-3 | 21.00 | 128.00 | 149.00 | OK | |
r-patched-linux-x86_64 | 0.5-3 | 11.94 | 91.79 | 103.73 | OK | |
r-release-linux-x86_64 | 0.5-3 | 9.56 | 92.91 | 102.47 | OK | |
r-release-macos-arm64 | 0.5-3 | 47.00 | OK | |||
r-release-macos-x86_64 | 0.5-3 | 60.00 | OK | |||
r-release-windows-x86_64 | 0.5-3 | 25.00 | 125.00 | 150.00 | OK | |
r-oldrel-macos-arm64 | 0.5-3 | 30.00 | OK | |||
r-oldrel-macos-x86_64 | 0.5-3 | 67.00 | OK | |||
r-oldrel-windows-ix86+x86_64 | 0.5-3 | 26.00 | 117.00 | 143.00 | OK |
Version: 0.5-3
Check: Rd cross-references
Result: NOTE
Undeclared packages ‘epiR’, ‘cccrm’ in Rd xrefs
Flavor: r-devel-linux-x86_64-fedora-clang