CRAN Package Check Results for Package agtboost

Last updated on 2021-06-21 06:48:59 CEST.

Flavor Version Tinstall Tcheck Ttotal Status Flags
r-devel-linux-x86_64-debian-clang 0.9.1 39.76 43.24 83.00 OK
r-devel-linux-x86_64-debian-gcc 0.9.1 27.61 33.95 61.56 OK
r-devel-linux-x86_64-fedora-clang 0.9.1 120.52 NOTE
r-devel-linux-x86_64-fedora-gcc 0.9.1 104.74 OK
r-devel-windows-x86_64 0.9.1 44.00 69.00 113.00 OK
r-devel-windows-x86_64-gcc10-UCRT 0.9.1 OK
r-patched-linux-x86_64 0.9.1 33.58 43.12 76.70 OK
r-patched-solaris-x86 0.9.1 115.10 OK
r-release-linux-x86_64 0.9.1 33.68 42.68 76.36 OK
r-release-macos-arm64 0.9.1 NOTE
r-release-macos-x86_64 0.9.1 NOTE
r-release-windows-ix86+x86_64 0.9.1 87.00 95.00 182.00 OK
r-oldrel-macos-x86_64 0.9.1 NOTE

Check Details

Version: 0.9.1
Check: installed package size
Result: NOTE
     installed size is 7.5Mb
     sub-directories of 1Mb or more:
     libs 7.0Mb
Flavors: r-devel-linux-x86_64-fedora-clang, r-release-macos-arm64, r-release-macos-x86_64, r-oldrel-macos-x86_64