CRAN Package Check Results for Package ahnr

Last updated on 2024-07-22 06:49:01 CEST.

Flavor Version Tinstall Tcheck Ttotal Status Flags
r-devel-linux-x86_64-debian-clang 0.3.1 6.67 153.56 160.23 NOTE
r-devel-linux-x86_64-debian-gcc 0.3.1 4.41 103.48 107.89 NOTE
r-devel-linux-x86_64-fedora-clang 0.3.1 198.69 NOTE
r-devel-linux-x86_64-fedora-gcc 0.3.1 193.63 NOTE
r-devel-windows-x86_64 0.3.1 7.00 115.00 122.00 NOTE
r-patched-linux-x86_64 0.3.1 5.70 148.00 153.70 NOTE
r-release-linux-x86_64 0.3.1 5.54 149.27 154.81 NOTE
r-release-macos-arm64 0.3.1 53.00 NOTE
r-release-macos-x86_64 0.3.1 83.00 NOTE
r-release-windows-x86_64 0.3.1 7.00 111.00 118.00 NOTE
r-oldrel-macos-arm64 0.3.1 55.00 NOTE
r-oldrel-macos-x86_64 0.3.1 98.00 NOTE
r-oldrel-windows-x86_64 0.3.1 8.00 137.00 145.00 NOTE

Check Details

Version: 0.3.1
Check: LazyData
Result: NOTE 'LazyData' is specified without a 'data' directory Flavors: r-devel-linux-x86_64-debian-clang, r-devel-linux-x86_64-debian-gcc, r-devel-linux-x86_64-fedora-clang, r-devel-linux-x86_64-fedora-gcc, r-devel-windows-x86_64, r-patched-linux-x86_64, r-release-linux-x86_64, r-release-macos-arm64, r-release-macos-x86_64, r-release-windows-x86_64, r-oldrel-macos-arm64, r-oldrel-macos-x86_64, r-oldrel-windows-x86_64