CRAN Package Check Results for Package ahpsurvey

Last updated on 2020-08-13 06:47:18 CEST.

Flavor Version Tinstall Tcheck Ttotal Status Flags
r-devel-linux-x86_64-debian-clang 0.4.1 0.55 2.57 3.12 ERROR
r-devel-linux-x86_64-debian-gcc 0.4.1 4.17 67.07 71.24 OK
r-devel-linux-x86_64-fedora-clang 0.4.1 118.74 NOTE
r-devel-linux-x86_64-fedora-gcc 0.4.1 111.63 NOTE
r-devel-windows-ix86+x86_64 0.4.1 11.00 130.00 141.00 OK
r-patched-linux-x86_64 0.4.1 4.63 89.99 94.62 OK
r-patched-solaris-x86 0.4.1 152.20 NOTE
r-release-linux-x86_64 0.4.1 0.54 2.46 3.00 ERROR
r-release-macos-x86_64 0.4.1 NOTE
r-release-windows-ix86+x86_64 0.4.1 17.00 134.00 151.00 OK
r-oldrel-macos-x86_64 0.4.1 NOTE
r-oldrel-windows-ix86+x86_64 0.4.1 9.00 97.00 106.00 OK

Check Details

Version: 0.4.1
Check: package dependencies
Result: ERROR
    Package required but not available: 'tidyr'
    
    See section 'The DESCRIPTION file' in the 'Writing R Extensions'
    manual.
Flavors: r-devel-linux-x86_64-debian-clang, r-release-linux-x86_64

Version: 0.4.1
Check: dependencies in R code
Result: NOTE
    Namespaces in Imports field not imported from:
     ‘knitr’ ‘randomNames’ ‘tidyr’
     All declared Imports should be used.
Flavors: r-devel-linux-x86_64-fedora-clang, r-devel-linux-x86_64-fedora-gcc, r-patched-solaris-x86, r-release-macos-x86_64, r-oldrel-macos-x86_64