CRAN Package Check Results for Package aiRly

Last updated on 2022-01-25 06:48:27 CET.

Flavor Version Tinstall Tcheck Ttotal Status Flags
r-devel-linux-x86_64-debian-clang 0.1.0 3.71 45.30 49.01 NOTE
r-devel-linux-x86_64-debian-gcc 0.1.0 3.02 38.05 41.07 NOTE
r-devel-linux-x86_64-fedora-clang 0.1.0 60.40 NOTE
r-devel-linux-x86_64-fedora-gcc 0.1.0 48.87 NOTE
r-devel-windows-x86_64-new-UL 0.1.0 52.00 68.00 120.00 NOTE
r-devel-windows-x86_64-new-TK 0.1.0 NOTE
r-patched-linux-x86_64 0.1.0 3.18 42.40 45.58 NOTE
r-release-linux-x86_64 0.1.0 3.30 43.29 46.59 NOTE
r-release-macos-arm64 0.1.0 NOTE
r-release-macos-x86_64 0.1.0 NOTE
r-release-windows-ix86+x86_64 0.1.0 8.00 55.00 63.00 NOTE
r-oldrel-macos-x86_64 0.1.0 OK
r-oldrel-windows-ix86+x86_64 0.1.0 9.00 54.00 63.00 OK

Check Details

Version: 0.1.0
Check: LazyData
Result: NOTE
     'LazyData' is specified without a 'data' directory
Flavors: r-devel-linux-x86_64-debian-clang, r-devel-linux-x86_64-debian-gcc, r-devel-linux-x86_64-fedora-clang, r-devel-linux-x86_64-fedora-gcc, r-devel-windows-x86_64-new-UL, r-devel-windows-x86_64-new-TK, r-patched-linux-x86_64, r-release-linux-x86_64, r-release-macos-arm64, r-release-macos-x86_64, r-release-windows-ix86+x86_64