Last updated on 2023-03-25 05:50:25 CET.
Flavor | Version | Tinstall | Tcheck | Ttotal | Status | Flags |
---|---|---|---|---|---|---|
r-devel-linux-x86_64-debian-clang | 1.2.1 | 5.34 | 35.38 | 40.72 | NOTE | |
r-devel-linux-x86_64-debian-gcc | 1.2.1 | 3.81 | 27.56 | 31.37 | NOTE | |
r-devel-linux-x86_64-fedora-clang | 1.2.1 | 50.83 | NOTE | |||
r-devel-linux-x86_64-fedora-gcc | 1.2.1 | 48.17 | NOTE | |||
r-devel-windows-x86_64 | 1.2.1 | 49.00 | 72.00 | 121.00 | OK | |
r-patched-linux-x86_64 | 1.2.1 | 5.14 | 33.90 | 39.04 | NOTE | |
r-release-linux-x86_64 | 1.2.1 | 3.44 | 34.22 | 37.66 | NOTE | |
r-release-macos-arm64 | 1.2.1 | 22.00 | OK | |||
r-release-macos-x86_64 | 1.2.1 | 31.00 | OK | |||
r-release-windows-x86_64 | 1.2.1 | 20.00 | 60.00 | 80.00 | OK | |
r-oldrel-macos-arm64 | 1.2.1 | 27.00 | OK | |||
r-oldrel-macos-x86_64 | 1.2.1 | 39.00 | OK | |||
r-oldrel-windows-ix86+x86_64 | 1.2.1 | 13.00 | 59.00 | 72.00 | OK |
Version: 1.2.1
Check: for non-standard things in the check directory
Result: NOTE
Found the following files/directories:
‘stuve.pdf’
Flavors: r-devel-linux-x86_64-debian-clang, r-devel-linux-x86_64-debian-gcc, r-devel-linux-x86_64-fedora-clang, r-devel-linux-x86_64-fedora-gcc, r-patched-linux-x86_64, r-release-linux-x86_64