CRAN Package Check Results for Package airportr

Last updated on 2021-01-16 06:51:00 CET.

Flavor Version Tinstall Tcheck Ttotal Status Flags
r-devel-linux-x86_64-debian-clang 0.1.3 4.42 41.80 46.22 OK
r-devel-linux-x86_64-debian-gcc 0.1.3 3.24 35.96 39.20 OK
r-devel-linux-x86_64-fedora-clang 0.1.3 64.00 NOTE
r-devel-linux-x86_64-fedora-gcc 0.1.3 54.71 NOTE
r-devel-windows-ix86+x86_64 0.1.3 9.00 47.00 56.00 OK
r-patched-linux-x86_64 0.1.3 4.05 39.76 43.81 OK
r-patched-solaris-x86 0.1.3 81.80 NOTE
r-release-linux-x86_64 0.1.3 4.60 43.64 48.24 OK
r-release-macos-x86_64 0.1.3 NOTE
r-release-windows-ix86+x86_64 0.1.3 9.00 42.00 51.00 OK
r-oldrel-macos-x86_64 0.1.3 NOTE
r-oldrel-windows-ix86+x86_64 0.1.3 8.00 43.00 51.00 OK

Check Details

Version: 0.1.3
Check: data for non-ASCII characters
Result: NOTE
     Note: found 710 marked UTF-8 strings
Flavors: r-devel-linux-x86_64-fedora-clang, r-devel-linux-x86_64-fedora-gcc, r-patched-solaris-x86, r-release-macos-x86_64, r-oldrel-macos-x86_64