Last updated on 2023-03-20 05:52:03 CET.
Flavor | Version | Tinstall | Tcheck | Ttotal | Status | Flags |
---|---|---|---|---|---|---|
r-devel-linux-x86_64-debian-clang | 0.9.9 | OK | ||||
r-devel-linux-x86_64-debian-gcc | 0.9.9 | 13.64 | 150.88 | 164.52 | OK | |
r-devel-linux-x86_64-fedora-clang | 0.9.9 | 263.12 | NOTE | |||
r-devel-linux-x86_64-fedora-gcc | 0.9.9 | 260.15 | OK | |||
r-devel-windows-x86_64 | 0.9.9 | 32.00 | 240.00 | 272.00 | OK | |
r-patched-linux-x86_64 | 0.9.9 | 23.04 | 189.57 | 212.61 | OK | |
r-release-linux-x86_64 | 0.9.9 | 16.06 | 188.01 | 204.07 | OK | |
r-release-macos-arm64 | 0.9.9 | 83.00 | OK | |||
r-release-macos-x86_64 | 0.9.9 | 106.00 | OK | |||
r-release-windows-x86_64 | 0.9.9 | 30.00 | 225.00 | 255.00 | OK | |
r-oldrel-macos-arm64 | 0.9.9 | 86.00 | OK | |||
r-oldrel-macos-x86_64 | 0.9.9 | 113.00 | OK | |||
r-oldrel-windows-ix86+x86_64 | 0.9.9 | 36.00 | 221.00 | 257.00 | OK |
Version: 0.9.9
Check: Rd cross-references
Result: NOTE
Undeclared package ‘SnowballC’ in Rd xrefs
Flavor: r-devel-linux-x86_64-fedora-clang