Last updated on 2025-01-22 07:50:18 CET.
Flavor | Version | Tinstall | Tcheck | Ttotal | Status | Flags |
---|---|---|---|---|---|---|
r-devel-linux-x86_64-debian-clang | 1.3.0 | 59.62 | 553.72 | 613.34 | NOTE | |
r-devel-linux-x86_64-debian-gcc | 1.3.0 | 44.80 | 404.55 | 449.35 | NOTE | |
r-devel-linux-x86_64-fedora-clang | 1.3.0 | 990.37 | NOTE | |||
r-devel-linux-x86_64-fedora-gcc | 1.3.0 | 1011.17 | NOTE | |||
r-devel-windows-x86_64 | 1.3.0 | 56.00 | 630.00 | 686.00 | NOTE | |
r-patched-linux-x86_64 | 1.3.0 | 60.03 | 521.19 | 581.22 | NOTE | |
r-release-linux-x86_64 | 1.3.0 | 52.25 | 516.12 | 568.37 | NOTE | |
r-release-macos-arm64 | 1.3.0 | 250.00 | NOTE | |||
r-release-macos-x86_64 | 1.3.0 | 390.00 | NOTE | |||
r-release-windows-x86_64 | 1.3.0 | 56.00 | 617.00 | 673.00 | NOTE | |
r-oldrel-macos-arm64 | 1.3.0 | 235.00 | OK | |||
r-oldrel-macos-x86_64 | 1.3.0 | 560.00 | OK | |||
r-oldrel-windows-x86_64 | 1.3.0 | 74.00 | 789.00 | 863.00 | OK |
Version: 1.3.0
Check: Rd files
Result: NOTE
checkRd: (-1) buildPhylipLineage.Rd:61: Lost braces; missing escapes or markup?
61 | names with the format {"Inferred1", "Inferred2", ...}.
| ^
Flavors: r-devel-linux-x86_64-debian-clang, r-devel-linux-x86_64-debian-gcc, r-devel-linux-x86_64-fedora-clang, r-devel-linux-x86_64-fedora-gcc, r-devel-windows-x86_64, r-patched-linux-x86_64, r-release-linux-x86_64, r-release-macos-arm64, r-release-macos-x86_64, r-release-windows-x86_64
Version: 1.3.0
Check: Rd cross-references
Result: NOTE
Found the following Rd file(s) with Rd \link{} targets missing package
anchors:
gridPlot.Rd: ggplot
plotAbundanceCurve.Rd: ggplot
plotDiversityCurve.Rd: ggplot
plotDiversityTest.Rd: ggplot
Please provide package anchors for all Rd \link{} targets not in the
package itself and the base packages.
Flavors: r-devel-linux-x86_64-debian-clang, r-devel-linux-x86_64-debian-gcc, r-devel-windows-x86_64