CRAN Package Check Results for Package algorithmia

Last updated on 2022-01-23 07:13:51 CET.

Flavor Version Tinstall Tcheck Ttotal Status Flags
r-devel-linux-x86_64-debian-clang 0.3.0 4.80 35.84 40.64 NOTE
r-devel-linux-x86_64-debian-gcc 0.3.0 3.52 31.53 35.05 NOTE
r-devel-linux-x86_64-fedora-clang 0.3.0 49.79 NOTE
r-devel-linux-x86_64-fedora-gcc 0.3.0 39.47 NOTE
r-devel-windows-x86_64-new-UL 0.3.0 52.00 57.00 109.00 NOTE
r-devel-windows-x86_64-new-TK 0.3.0 NOTE
r-patched-linux-x86_64 0.3.0 4.06 34.07 38.13 NOTE
r-release-linux-x86_64 0.3.0 4.57 34.79 39.36 NOTE
r-release-macos-arm64 0.3.0 NOTE
r-release-macos-x86_64 0.3.0 NOTE
r-release-windows-ix86+x86_64 0.3.0 14.00 43.00 57.00 NOTE
r-oldrel-macos-x86_64 0.3.0 OK
r-oldrel-windows-ix86+x86_64 0.3.0 15.00 42.00 57.00 OK

Check Details

Version: 0.3.0
Check: LazyData
Result: NOTE
     'LazyData' is specified without a 'data' directory
Flavors: r-devel-linux-x86_64-debian-clang, r-devel-linux-x86_64-debian-gcc, r-devel-linux-x86_64-fedora-clang, r-devel-linux-x86_64-fedora-gcc, r-devel-windows-x86_64-new-UL, r-devel-windows-x86_64-new-TK, r-patched-linux-x86_64, r-release-linux-x86_64, r-release-macos-arm64, r-release-macos-x86_64, r-release-windows-ix86+x86_64