CRAN Package Check Results for Package aliases2entrez

Last updated on 2021-01-16 06:51:00 CET.

Flavor Version Tinstall Tcheck Ttotal Status Flags
r-devel-linux-x86_64-debian-clang 0.1.1 14.84 138.69 153.53 OK
r-devel-linux-x86_64-debian-gcc 0.1.1 13.82 105.04 118.86 OK
r-devel-linux-x86_64-fedora-clang 0.1.1 193.39 OK
r-devel-linux-x86_64-fedora-gcc 0.1.1 184.14 OK
r-devel-windows-ix86+x86_64 0.1.1 31.00 117.00 148.00 OK
r-patched-linux-x86_64 0.1.1 14.51 128.62 143.13 OK
r-patched-solaris-x86 0.1.1 262.20 OK
r-release-linux-x86_64 0.1.1 14.27 128.56 142.83 OK
r-release-macos-x86_64 0.1.1 OK
r-release-windows-ix86+x86_64 0.1.1 30.00 121.00 151.00 OK
r-oldrel-macos-x86_64 0.1.1 ERROR
r-oldrel-windows-ix86+x86_64 0.1.1 32.00 115.00 147.00 OK

Check Details

Version: 0.1.1
Check: package dependencies
Result: ERROR
    Package required but not available: ‘org.Hs.eg.db’
    
    See section ‘The DESCRIPTION file’ in the ‘Writing R Extensions’
    manual.
Flavor: r-oldrel-macos-x86_64