Last updated on 2023-03-26 06:53:18 CEST.
Flavor | Version | Tinstall | Tcheck | Ttotal | Status | Flags |
---|---|---|---|---|---|---|
r-devel-linux-x86_64-debian-clang | 0.3.7 | 18.96 | 159.05 | 178.01 | OK | |
r-devel-linux-x86_64-debian-gcc | 0.3.7 | 14.23 | 120.31 | 134.54 | OK | |
r-devel-linux-x86_64-fedora-gcc | 0.3.7 | 232.00 | OK | |||
r-devel-windows-x86_64 | 0.3.7 | 33.00 | 200.00 | 233.00 | OK | |
r-patched-linux-x86_64 | 0.3.7 | 21.83 | 151.73 | 173.56 | OK | |
r-release-linux-x86_64 | 0.3.7 | 15.52 | 153.09 | 168.61 | OK | |
r-release-macos-arm64 | 0.3.7 | 64.00 | OK | |||
r-release-macos-x86_64 | 0.3.7 | 88.00 | OK | |||
r-release-windows-x86_64 | 0.3.7 | 44.00 | 202.00 | 246.00 | OK | |
r-oldrel-macos-arm64 | 0.3.7 | 57.00 | OK | |||
r-oldrel-macos-x86_64 | 0.3.7 | 90.00 | OK | |||
r-oldrel-windows-ix86+x86_64 | 0.3.7 | 41.00 | 203.00 | 244.00 | NOTE |
Version: 0.3.7
Check: R code for possible problems
Result: NOTE
Initiating curl with CURL_SSL_BACKEND: openssl
Flavor: r-oldrel-windows-ix86+x86_64