CRAN Package Check Results for Package altfuelr

Last updated on 2022-10-01 07:07:51 CEST.

Flavor Version Tinstall Tcheck Ttotal Status Flags
r-devel-linux-x86_64-debian-clang 0.1.0 5.39 30.51 35.90 OK
r-devel-linux-x86_64-debian-gcc 0.1.0 5.29 23.91 29.20 OK
r-devel-linux-x86_64-fedora-clang 0.1.0 57.27 NOTE
r-devel-linux-x86_64-fedora-gcc 0.1.0 56.53 NOTE
r-devel-windows-x86_64 0.1.0 15.00 56.00 71.00 OK
r-patched-linux-x86_64 0.1.0 4.63 28.70 33.33 OK
r-release-linux-x86_64 0.1.0 6.34 28.40 34.74 OK
r-release-macos-arm64 0.1.0 21.00 NOTE
r-release-macos-x86_64 0.1.0 29.00 NOTE
r-release-windows-x86_64 0.1.0 19.00 55.00 74.00 OK
r-oldrel-macos-arm64 0.1.0 35.00 NOTE
r-oldrel-macos-x86_64 0.1.0 41.00 NOTE
r-oldrel-windows-ix86+x86_64 0.1.0 12.00 54.00 66.00 OK

Check Details

Version: 0.1.0
Check: data for non-ASCII characters
Result: NOTE
     Note: found 171 marked UTF-8 strings
Flavors: r-devel-linux-x86_64-fedora-clang, r-devel-linux-x86_64-fedora-gcc, r-release-macos-arm64, r-release-macos-x86_64, r-oldrel-macos-arm64, r-oldrel-macos-x86_64