Last updated on 2023-03-27 06:50:00 CEST.
Flavor | Version | Tinstall | Tcheck | Ttotal | Status | Flags |
---|---|---|---|---|---|---|
r-devel-linux-x86_64-debian-clang | 0.6.0 | 2.65 | 29.01 | 31.66 | OK | |
r-devel-linux-x86_64-debian-gcc | 0.6.0 | 1.41 | 22.83 | 24.24 | OK | |
r-devel-linux-x86_64-fedora-clang | 0.6.0 | 40.46 | NOTE | |||
r-devel-linux-x86_64-fedora-gcc | 0.6.0 | 54.50 | NOTE | |||
r-devel-windows-x86_64 | 0.6.0 | 33.00 | 67.00 | 100.00 | OK | |
r-patched-linux-x86_64 | 0.6.0 | 2.64 | 28.34 | 30.98 | OK | |
r-release-linux-x86_64 | 0.6.0 | 1.76 | 30.31 | 32.07 | OK | |
r-release-macos-arm64 | 0.6.0 | 19.00 | NOTE | |||
r-release-macos-x86_64 | 0.6.0 | 25.00 | NOTE | |||
r-release-windows-x86_64 | 0.6.0 | 29.00 | 74.00 | 103.00 | OK | |
r-oldrel-macos-arm64 | 0.6.0 | 26.00 | NOTE | |||
r-oldrel-macos-x86_64 | 0.6.0 | 35.00 | NOTE | |||
r-oldrel-windows-ix86+x86_64 | 0.6.0 | 7.00 | 114.00 | 121.00 | OK |
Version: 0.6.0
Check: dependencies in R code
Result: NOTE
Namespace in Imports field not imported from: ‘jsonlite’
All declared Imports should be used.
Flavors: r-devel-linux-x86_64-fedora-clang, r-devel-linux-x86_64-fedora-gcc, r-release-macos-arm64, r-release-macos-x86_64, r-oldrel-macos-arm64, r-oldrel-macos-x86_64