CRAN Package Check Results for Package amber

Last updated on 2021-01-16 06:51:00 CET.

Flavor Version Tinstall Tcheck Ttotal Status Flags
r-devel-linux-x86_64-debian-clang 1.0.3 16.14 218.93 235.07 OK
r-devel-linux-x86_64-debian-gcc 1.0.3 11.77 160.08 171.85 OK
r-devel-linux-x86_64-fedora-clang 1.0.3 271.54 NOTE
r-devel-linux-x86_64-fedora-gcc 1.0.3 266.44 NOTE
r-devel-windows-ix86+x86_64 1.0.3 18.00 200.00 218.00 NOTE
r-patched-linux-x86_64 1.0.3 9.51 206.27 215.78 OK
r-patched-solaris-x86 1.0.3 329.50 NOTE
r-release-linux-x86_64 1.0.3 10.50 206.27 216.77 OK
r-release-macos-x86_64 1.0.3 NOTE
r-release-windows-ix86+x86_64 1.0.3 21.00 198.00 219.00 NOTE
r-oldrel-macos-x86_64 1.0.3 NOTE
r-oldrel-windows-ix86+x86_64 1.0.3 22.00 260.00 282.00 NOTE

Check Details

Version: 1.0.3
Check: installed package size
Result: NOTE
     installed size is 9.7Mb
     sub-directories of 1Mb or more:
     extdata 8.4Mb
Flavors: r-devel-linux-x86_64-fedora-clang, r-devel-windows-ix86+x86_64, r-patched-solaris-x86, r-release-macos-x86_64, r-release-windows-ix86+x86_64, r-oldrel-macos-x86_64, r-oldrel-windows-ix86+x86_64

Version: 1.0.3
Check: dependencies in R code
Result: NOTE
    Namespace in Imports field not imported from: ‘rgdal’
     All declared Imports should be used.
Flavors: r-devel-linux-x86_64-fedora-clang, r-devel-linux-x86_64-fedora-gcc, r-patched-solaris-x86, r-release-macos-x86_64, r-oldrel-macos-x86_64