Last updated on 2023-04-01 07:10:32 CEST.
Flavor | Version | Tinstall | Tcheck | Ttotal | Status | Flags |
---|---|---|---|---|---|---|
r-devel-linux-x86_64-debian-clang | 1.0.0 | 3.92 | 55.41 | 59.33 | OK | |
r-devel-linux-x86_64-debian-gcc | 1.0.0 | 3.40 | 42.25 | 45.65 | OK | |
r-devel-linux-x86_64-fedora-clang | 1.0.0 | 73.12 | NOTE | |||
r-devel-linux-x86_64-fedora-gcc | 1.0.0 | 82.88 | NOTE | |||
r-devel-windows-x86_64 | 1.0.0 | 44.00 | 112.00 | 156.00 | OK | |
r-patched-linux-x86_64 | 1.0.0 | 4.67 | 52.30 | 56.97 | OK | |
r-release-linux-x86_64 | 1.0.0 | 3.38 | 53.72 | 57.10 | OK | |
r-release-macos-arm64 | 1.0.0 | 48.00 | NOTE | |||
r-release-macos-x86_64 | 1.0.0 | 67.00 | NOTE | |||
r-release-windows-x86_64 | 1.0.0 | 25.00 | 118.00 | 143.00 | OK | |
r-oldrel-macos-arm64 | 1.0.0 | 50.00 | NOTE | |||
r-oldrel-macos-x86_64 | 1.0.0 | 53.00 | NOTE | |||
r-oldrel-windows-ix86+x86_64 | 1.0.0 | 12.00 | 126.00 | 138.00 | OK |
Version: 1.0.0
Check: data for non-ASCII characters
Result: NOTE
Note: found 7 marked UTF-8 strings
Flavors: r-devel-linux-x86_64-fedora-clang, r-devel-linux-x86_64-fedora-gcc, r-release-macos-arm64, r-release-macos-x86_64, r-oldrel-macos-arm64, r-oldrel-macos-x86_64