CRAN Package Check Results for Package analogsea

Last updated on 2020-08-14 06:48:47 CEST.

Flavor Version Tinstall Tcheck Ttotal Status Flags
r-devel-linux-x86_64-debian-clang 0.8.0 5.27 39.80 45.07 OK
r-devel-linux-x86_64-debian-gcc 0.8.0 4.19 30.88 35.07 OK
r-devel-linux-x86_64-fedora-clang 0.8.0 59.95 OK
r-devel-linux-x86_64-fedora-gcc 0.8.0 50.78 OK
r-devel-windows-ix86+x86_64 0.8.0 18.00 52.00 70.00 OK
r-patched-linux-x86_64 0.8.0 4.90 39.41 44.31 OK
r-patched-solaris-x86 0.8.0 76.60 NOTE
r-release-linux-x86_64 0.8.0 5.11 39.27 44.38 OK
r-release-macos-x86_64 0.8.0 OK
r-release-windows-ix86+x86_64 0.8.0 15.00 75.00 90.00 OK
r-oldrel-macos-x86_64 0.8.0 OK
r-oldrel-windows-ix86+x86_64 0.8.0 9.00 50.00 59.00 OK

Check Details

Version: 0.8.0
Check: package dependencies
Result: NOTE
    Package suggested but not available for checking: ‘ssh’
Flavor: r-patched-solaris-x86