CRAN Package Check Results for Package analogueExtra

Last updated on 2022-01-20 06:49:13 CET.

Flavor Version Tinstall Tcheck Ttotal Status Flags
r-devel-linux-x86_64-debian-clang 0.1-1 OK
r-devel-linux-x86_64-debian-gcc 0.1-1 6.63 66.18 72.81 OK
r-devel-linux-x86_64-fedora-clang 0.1-1 112.41 NOTE
r-devel-linux-x86_64-fedora-gcc 0.1-1 100.79 OK
r-devel-windows-x86_64-new-UL 0.1-1 29.00 100.00 129.00 OK
r-devel-windows-x86_64-new-TK 0.1-1 OK
r-patched-linux-x86_64 0.1-1 11.22 81.05 92.27 OK
r-release-linux-x86_64 0.1-1 OK
r-release-macos-arm64 0.1-1 OK
r-release-macos-x86_64 0.1-1 OK
r-release-windows-ix86+x86_64 0.1-1 21.00 98.00 119.00 OK
r-oldrel-macos-x86_64 0.1-1 OK
r-oldrel-windows-ix86+x86_64 0.1-1 22.00 97.00 119.00 OK

Check Details

Version: 0.1-1
Check: Rd cross-references
Result: NOTE
    Undeclared package ‘vegan’ in Rd xrefs
Flavor: r-devel-linux-x86_64-fedora-clang