Last updated on 2023-04-02 06:50:01 CEST.
Flavor | Version | Tinstall | Tcheck | Ttotal | Status | Flags |
---|---|---|---|---|---|---|
r-devel-linux-x86_64-debian-clang | 0.1.3 | 2.90 | 27.73 | 30.63 | OK | |
r-devel-linux-x86_64-debian-gcc | 0.1.3 | 2.17 | 21.94 | 24.11 | OK | |
r-devel-linux-x86_64-fedora-clang | 0.1.3 | 37.77 | NOTE | |||
r-devel-linux-x86_64-fedora-gcc | 0.1.3 | 36.01 | NOTE | |||
r-devel-windows-x86_64 | 0.1.3 | 8.00 | 57.00 | 65.00 | OK | |
r-patched-linux-x86_64 | 0.1.3 | 2.96 | 27.06 | 30.02 | OK | |
r-release-linux-x86_64 | 0.1.3 | 3.06 | 28.65 | 31.71 | OK | |
r-release-macos-arm64 | 0.1.3 | 20.00 | OK | |||
r-release-macos-x86_64 | 0.1.3 | 26.00 | NOTE | |||
r-release-windows-x86_64 | 0.1.3 | 61.00 | 68.00 | 129.00 | OK | |
r-oldrel-macos-arm64 | 0.1.3 | 26.00 | NOTE | |||
r-oldrel-macos-x86_64 | 0.1.3 | 28.00 | NOTE | |||
r-oldrel-windows-ix86+x86_64 | 0.1.3 | 8.00 | 57.00 | 65.00 | OK |
Version: 0.1.3
Check: data for non-ASCII characters
Result: NOTE
Note: found 231 marked UTF-8 strings
Flavors: r-devel-linux-x86_64-fedora-clang, r-devel-linux-x86_64-fedora-gcc, r-release-macos-x86_64, r-oldrel-macos-arm64, r-oldrel-macos-x86_64