Last updated on 2021-02-25 06:46:55 CET.
Flavor | Version | Tinstall | Tcheck | Ttotal | Status | Flags |
---|---|---|---|---|---|---|
r-devel-linux-x86_64-debian-clang | 0.2.0 | 9.52 | 81.65 | 91.17 | OK | |
r-devel-linux-x86_64-debian-gcc | 0.2.0 | 7.64 | 60.25 | 67.89 | OK | |
r-devel-linux-x86_64-fedora-clang | 0.2.0 | 114.30 | NOTE | |||
r-devel-linux-x86_64-fedora-gcc | 0.2.0 | 103.46 | OK | |||
r-devel-windows-ix86+x86_64 | 0.2.0 | 16.00 | 79.00 | 95.00 | OK | |
r-patched-linux-x86_64 | 0.2.0 | 9.50 | 76.29 | 85.79 | OK | |
r-patched-solaris-x86 | 0.2.0 | 145.20 | OK | |||
r-release-linux-x86_64 | 0.2.0 | 9.17 | 76.36 | 85.53 | OK | |
r-release-macos-x86_64 | 0.2.0 | OK | ||||
r-release-windows-ix86+x86_64 | 0.2.0 | 23.00 | 116.00 | 139.00 | OK | |
r-oldrel-macos-x86_64 | 0.2.0 | OK | ||||
r-oldrel-windows-ix86+x86_64 | 0.2.0 | 13.00 | 91.00 | 104.00 | OK |
Version: 0.2.0
Check: package dependencies
Result: NOTE
Imports includes 22 non-default packages.
Importing from so many packages makes the package vulnerable to any of
them becoming unavailable. Move as many as possible to Suggests and
use conditionally.
Flavor: r-devel-linux-x86_64-fedora-clang