Last updated on 2023-03-21 15:52:10 CET.
Flavor | Version | Tinstall | Tcheck | Ttotal | Status | Flags |
---|---|---|---|---|---|---|
r-devel-linux-x86_64-debian-clang | 0.18.1 | 9.30 | 152.49 | 161.79 | OK | |
r-devel-linux-x86_64-debian-gcc | 0.18.1 | 7.50 | 119.99 | 127.49 | OK | |
r-devel-linux-x86_64-fedora-clang | 0.18.1 | 172.56 | OK | |||
r-devel-linux-x86_64-fedora-gcc | 0.18.1 | 172.85 | OK | |||
r-devel-windows-x86_64 | 0.18.1 | 94.00 | 169.00 | 263.00 | OK | |
r-patched-linux-x86_64 | 0.18.1 | 14.70 | 133.27 | 147.97 | OK | |
r-release-linux-x86_64 | 0.18.1 | 8.36 | 129.78 | 138.14 | OK | |
r-release-macos-arm64 | 0.18.1 | 42.00 | NOTE | |||
r-release-macos-x86_64 | 0.18.1 | 95.00 | OK | |||
r-release-windows-x86_64 | 0.18.1 | 69.00 | 176.00 | 245.00 | OK | |
r-oldrel-macos-arm64 | 0.18.1 | 42.00 | OK | |||
r-oldrel-macos-x86_64 | 0.18.1 | 57.00 | OK | |||
r-oldrel-windows-ix86+x86_64 | 0.18.1 | 21.00 | 152.00 | 173.00 | OK |
Version: 0.18.1
Check: package dependencies
Result: NOTE
Package suggested but not available for checking: ‘rhdf5’
Flavor: r-release-macos-arm64