CRAN Package Check Results for Package antaresRead

Last updated on 2022-10-02 06:52:04 CEST.

Flavor Version Tinstall Tcheck Ttotal Status Flags
r-devel-linux-x86_64-debian-clang 2.2.95 13.75 262.27 276.02 OK
r-devel-linux-x86_64-debian-gcc 2.2.95 10.95 193.28 204.23 OK
r-devel-linux-x86_64-fedora-clang 2.2.95 333.98 NOTE
r-devel-linux-x86_64-fedora-gcc 2.2.95 309.59 OK
r-devel-windows-x86_64 2.2.95 85.00 252.00 337.00 NOTE
r-patched-linux-x86_64 2.2.95 13.60 230.58 244.18 OK
r-release-linux-x86_64 2.2.95 10.74 219.70 230.44 OK
r-release-macos-arm64 2.2.95 66.00 NOTE
r-release-macos-x86_64 2.2.95 87.00 NOTE
r-release-windows-x86_64 2.2.95 98.00 259.00 357.00 NOTE
r-oldrel-macos-arm64 2.2.95 66.00 NOTE
r-oldrel-macos-x86_64 2.2.95 84.00 NOTE
r-oldrel-windows-ix86+x86_64 2.2.95 25.00 238.00 263.00 NOTE

Check Details

Version: 2.2.95
Check: installed package size
Result: NOTE
     installed size is 5.1Mb
     sub-directories of 1Mb or more:
     test_v8 2.0Mb
     testdata 2.4Mb
Flavors: r-devel-linux-x86_64-fedora-clang, r-devel-windows-x86_64, r-release-macos-arm64, r-release-macos-x86_64, r-release-windows-x86_64, r-oldrel-macos-arm64, r-oldrel-macos-x86_64, r-oldrel-windows-ix86+x86_64

Version: 2.2.95
Check: package dependencies
Result: NOTE
    Package suggested but not available for checking: ‘rhdf5’
Flavor: r-release-macos-arm64