Last updated on 2022-07-02 07:06:52 CEST.
Flavor | Version | Tinstall | Tcheck | Ttotal | Status | Flags |
---|---|---|---|---|---|---|
r-devel-linux-x86_64-debian-clang | 0.4-1.1 | 11.19 | 84.57 | 95.76 | NOTE | |
r-devel-linux-x86_64-debian-gcc | 0.4-1.1 | 6.78 | 64.05 | 70.83 | NOTE | |
r-devel-linux-x86_64-fedora-clang | 0.4-1.1 | 123.03 | NOTE | |||
r-devel-linux-x86_64-fedora-gcc | 0.4-1.1 | 120.62 | NOTE | |||
r-devel-windows-x86_64 | 0.4-1.1 | 20.00 | 105.00 | 125.00 | NOTE | |
r-patched-linux-x86_64 | 0.4-1.1 | 11.47 | 79.92 | 91.39 | NOTE | |
r-release-linux-x86_64 | 0.4-1.1 | 9.48 | 80.61 | 90.09 | NOTE | |
r-release-macos-arm64 | 0.4-1.1 | 36.00 | NOTE | |||
r-release-macos-x86_64 | 0.4-1.1 | 57.00 | NOTE | |||
r-release-windows-x86_64 | 0.4-1.1 | 22.00 | 107.00 | 129.00 | NOTE | |
r-oldrel-macos-arm64 | 0.4-1.1 | 39.00 | NOTE | |||
r-oldrel-macos-x86_64 | 0.4-1.1 | 57.00 | NOTE | |||
r-oldrel-windows-ix86+x86_64 | 0.4-1.1 | 23.00 | 100.00 | 123.00 | NOTE |
Version: 0.4-1.1
Check: dependencies in R code
Result: NOTE
Packages in Depends field not imported from:
'boot' 'lme4'
These packages need to be imported from (in the NAMESPACE file)
for when this namespace is loaded but not attached.
Flavors: r-devel-linux-x86_64-debian-clang, r-devel-linux-x86_64-debian-gcc, r-devel-linux-x86_64-fedora-clang, r-devel-linux-x86_64-fedora-gcc, r-devel-windows-x86_64, r-patched-linux-x86_64, r-release-linux-x86_64, r-release-macos-arm64, r-release-macos-x86_64, r-release-windows-x86_64, r-oldrel-macos-arm64, r-oldrel-macos-x86_64, r-oldrel-windows-ix86+x86_64
Version: 0.4-1.1
Check: HTML version of manual
Result: NOTE
Found the following problems:
salmonella.Rd:55:50: Warning: nested emphasis <em>
Flavors: r-devel-linux-x86_64-debian-clang, r-devel-linux-x86_64-debian-gcc