CRAN Package Check Results for Package apaTables

Last updated on 2022-01-17 06:53:08 CET.

Flavor Version Tinstall Tcheck Ttotal Status Flags
r-devel-linux-x86_64-debian-clang 2.0.8 8.09 70.74 78.83 OK
r-devel-linux-x86_64-debian-gcc 2.0.8 6.60 53.30 59.90 OK
r-devel-linux-x86_64-fedora-clang 2.0.8 101.01 OK
r-devel-linux-x86_64-fedora-gcc 2.0.8 82.93 OK
r-devel-windows-x86_64-new-UL 2.0.8 31.00 84.00 115.00 OK
r-devel-windows-x86_64-new-TK 2.0.8 ERROR
r-patched-linux-x86_64 2.0.8 7.79 66.36 74.15 OK
r-release-linux-x86_64 2.0.8 OK
r-release-macos-arm64 2.0.8 OK
r-release-macos-x86_64 2.0.8 OK
r-release-windows-ix86+x86_64 2.0.8 21.00 82.00 103.00 OK
r-oldrel-macos-x86_64 2.0.8 OK
r-oldrel-windows-ix86+x86_64 2.0.8 21.00 79.00 100.00 OK

Check Details

Version: 2.0.8
Check: package dependencies
Result: ERROR
    Packages required but not available: 'car', 'MBESS'
    
    See section 'The DESCRIPTION file' in the 'Writing R Extensions'
    manual.
Flavor: r-devel-windows-x86_64-new-TK