CRAN Package Check Results for Package apaText

Last updated on 2022-05-28 07:05:46 CEST.

Flavor Version Tinstall Tcheck Ttotal Status Flags
r-devel-linux-x86_64-debian-clang 0.1.1 5.12 56.51 61.63 NOTE
r-devel-linux-x86_64-debian-gcc 0.1.1 3.77 43.13 46.90 NOTE
r-devel-linux-x86_64-fedora-clang 0.1.1 74.67 NOTE
r-devel-linux-x86_64-fedora-gcc 0.1.1 69.94 NOTE
r-devel-windows-x86_64 0.1.1 8.00 78.00 86.00 NOTE
r-patched-linux-x86_64 0.1.1 3.37 53.27 56.64 NOTE
r-release-linux-x86_64 0.1.1 4.38 53.54 57.92 NOTE
r-release-macos-arm64 0.1.1 21.00 NOTE
r-release-macos-x86_64 0.1.1 33.00 NOTE
r-release-windows-x86_64 0.1.1 9.00 74.00 83.00 NOTE
r-oldrel-macos-arm64 0.1.1 25.00 NOTE
r-oldrel-macos-x86_64 0.1.1 42.00 NOTE
r-oldrel-windows-ix86+x86_64 0.1.1 13.00 65.00 78.00 NOTE

Check Details

Version: 0.1.1
Check: LazyData
Result: NOTE
     'LazyData' is specified without a 'data' directory
Flavors: r-devel-linux-x86_64-debian-clang, r-devel-linux-x86_64-debian-gcc, r-devel-linux-x86_64-fedora-clang, r-devel-linux-x86_64-fedora-gcc, r-devel-windows-x86_64, r-patched-linux-x86_64, r-release-linux-x86_64, r-release-macos-arm64, r-release-macos-x86_64, r-release-windows-x86_64, r-oldrel-macos-arm64, r-oldrel-macos-x86_64, r-oldrel-windows-ix86+x86_64