CRAN Package Check Results for Package apc

Last updated on 2024-05-27 06:48:45 CEST.

Flavor Version Tinstall Tcheck Ttotal Status Flags
r-devel-linux-x86_64-debian-clang 2.0.0 21.08 524.81 545.89 NOTE
r-devel-linux-x86_64-debian-gcc 2.0.0 17.34 444.18 461.52 NOTE
r-devel-linux-x86_64-fedora-clang 2.0.0 688.53 NOTE
r-devel-linux-x86_64-fedora-gcc 2.0.0 730.31 NOTE
r-devel-windows-x86_64 2.0.0 19.00 489.00 508.00 NOTE
r-patched-linux-x86_64 2.0.0 31.30 572.91 604.21 NOTE
r-release-linux-x86_64 2.0.0 20.34 571.36 591.70 NOTE
r-release-macos-arm64 2.0.0 223.00 NOTE
r-release-windows-x86_64 2.0.0 20.00 497.00 517.00 NOTE
r-oldrel-macos-arm64 2.0.0 439.00 OK
r-oldrel-macos-x86_64 2.0.0 724.00 OK
r-oldrel-windows-x86_64 2.0.0 26.00 617.00 643.00 OK

Check Details

Version: 2.0.0
Check: Rd files
Result: NOTE checkRd: (-1) apc.indiv.est.model.Rd:142: Lost braces 142 | For model testing: \code{\link{apc.indiv.model.table}}, code{\link{apc.indiv.compare.direct}}, \code{\link{waldtest}}, \code{\link{linearHypothesis}} | ^ Flavors: r-devel-linux-x86_64-debian-clang, r-devel-linux-x86_64-debian-gcc, r-devel-linux-x86_64-fedora-clang, r-devel-linux-x86_64-fedora-gcc, r-devel-windows-x86_64, r-patched-linux-x86_64, r-release-linux-x86_64, r-release-macos-arm64, r-release-windows-x86_64

Version: 2.0.0
Check: dependencies in R code
Result: NOTE Namespaces in Imports field not imported from: ‘AER’ ‘ChainLadder’ ‘ISLR’ ‘ggplot2’ All declared Imports should be used. Flavors: r-devel-linux-x86_64-fedora-clang, r-devel-linux-x86_64-fedora-gcc