Last updated on 2023-03-20 05:52:04 CET.
Flavor | Version | Tinstall | Tcheck | Ttotal | Status | Flags |
---|---|---|---|---|---|---|
r-devel-linux-x86_64-debian-clang | 0.3.0 | NOTE | ||||
r-devel-linux-x86_64-debian-gcc | 0.3.0 | 9.22 | 62.39 | 71.61 | NOTE | |
r-devel-linux-x86_64-fedora-clang | 0.3.0 | 118.43 | NOTE | |||
r-devel-linux-x86_64-fedora-gcc | 0.3.0 | 105.77 | NOTE | |||
r-devel-windows-x86_64 | 0.3.0 | 19.00 | 104.00 | 123.00 | NOTE | |
r-patched-linux-x86_64 | 0.3.0 | 10.24 | 84.30 | 94.54 | NOTE | |
r-release-linux-x86_64 | 0.3.0 | 10.19 | 82.65 | 92.84 | NOTE | |
r-release-macos-arm64 | 0.3.0 | 44.00 | NOTE | |||
r-release-macos-x86_64 | 0.3.0 | 70.00 | NOTE | |||
r-release-windows-x86_64 | 0.3.0 | 23.00 | 108.00 | 131.00 | NOTE | |
r-oldrel-macos-arm64 | 0.3.0 | 52.00 | NOTE | |||
r-oldrel-macos-x86_64 | 0.3.0 | 81.00 | NOTE | |||
r-oldrel-windows-ix86+x86_64 | 0.3.0 | 29.00 | 122.00 | 151.00 | NOTE |
Version: 0.3.0
Check: LazyData
Result: NOTE
'LazyData' is specified without a 'data' directory
Flavors: r-devel-linux-x86_64-debian-clang, r-devel-linux-x86_64-debian-gcc, r-devel-linux-x86_64-fedora-clang, r-devel-linux-x86_64-fedora-gcc, r-devel-windows-x86_64, r-patched-linux-x86_64, r-release-linux-x86_64, r-release-macos-arm64, r-release-macos-x86_64, r-release-windows-x86_64, r-oldrel-macos-arm64, r-oldrel-macos-x86_64, r-oldrel-windows-ix86+x86_64
Version: 0.3.0
Check: R code for possible problems
Result: NOTE
Initiating curl with CURL_SSL_BACKEND: openssl
Flavor: r-oldrel-windows-ix86+x86_64