Last updated on 2023-03-28 06:51:09 CEST.
Flavor | Version | Tinstall | Tcheck | Ttotal | Status | Flags |
---|---|---|---|---|---|---|
r-devel-linux-x86_64-debian-clang | 0.1.0 | 2.81 | 27.59 | 30.40 | NOTE | |
r-devel-linux-x86_64-debian-gcc | 0.1.0 | 2.15 | 21.94 | 24.09 | NOTE | |
r-devel-linux-x86_64-fedora-clang | 0.1.0 | 38.52 | NOTE | |||
r-devel-linux-x86_64-fedora-gcc | 0.1.0 | 49.03 | NOTE | |||
r-devel-windows-x86_64 | 0.1.0 | 21.00 | 61.00 | 82.00 | NOTE | |
r-patched-linux-x86_64 | 0.1.0 | 2.33 | 26.40 | 28.73 | NOTE | |
r-release-linux-x86_64 | 0.1.0 | 2.24 | 28.09 | 30.33 | NOTE | |
r-release-macos-arm64 | 0.1.0 | 19.00 | NOTE | |||
r-release-macos-x86_64 | 0.1.0 | 29.00 | NOTE | |||
r-release-windows-x86_64 | 0.1.0 | 37.00 | 62.00 | 99.00 | NOTE | |
r-oldrel-macos-arm64 | 0.1.0 | 21.00 | NOTE | |||
r-oldrel-macos-x86_64 | 0.1.0 | 24.00 | NOTE | |||
r-oldrel-windows-ix86+x86_64 | 0.1.0 | 10.00 | 59.00 | 69.00 | NOTE |
Version: 0.1.0
Check: LazyData
Result: NOTE
'LazyData' is specified without a 'data' directory
Flavors: r-devel-linux-x86_64-debian-clang, r-devel-linux-x86_64-debian-gcc, r-devel-linux-x86_64-fedora-clang, r-devel-linux-x86_64-fedora-gcc, r-devel-windows-x86_64, r-patched-linux-x86_64, r-release-linux-x86_64, r-release-macos-arm64, r-release-macos-x86_64, r-release-windows-x86_64, r-oldrel-macos-arm64, r-oldrel-macos-x86_64, r-oldrel-windows-ix86+x86_64
Version: 0.1.0
Check: dependencies in R code
Result: NOTE
Namespaces in Imports field not imported from:
‘bannerCommenter’ ‘config’ ‘feather’ ‘here’ ‘knitr’ ‘log4r’ ‘ps’
‘rmarkdown’ ‘skimr’ ‘snakecase’ ‘testthat’ ‘tidyverse’
All declared Imports should be used.
Flavors: r-devel-linux-x86_64-fedora-clang, r-devel-linux-x86_64-fedora-gcc, r-release-macos-arm64, r-release-macos-x86_64, r-oldrel-macos-arm64, r-oldrel-macos-x86_64