Last updated on 2021-01-16 06:51:00 CET.
Flavor | Version | Tinstall | Tcheck | Ttotal | Status | Flags |
---|---|---|---|---|---|---|
r-devel-linux-x86_64-debian-clang | 3.3 | 0.55 | 2.33 | 2.88 | ERROR | |
r-devel-linux-x86_64-debian-gcc | 3.3 | 0.42 | 1.78 | 2.20 | ERROR | |
r-devel-linux-x86_64-fedora-clang | 3.3 | 9.41 | ERROR | |||
r-devel-linux-x86_64-fedora-gcc | 3.3 | 2.35 | ERROR | |||
r-devel-windows-ix86+x86_64 | 3.3 | 30.00 | 112.00 | 142.00 | OK | |
r-patched-linux-x86_64 | 3.3 | 0.67 | 2.39 | 3.06 | ERROR | |
r-patched-solaris-x86 | 3.3 | 4.80 | ERROR | |||
r-release-linux-x86_64 | 3.3 | 0.68 | 2.38 | 3.06 | ERROR | |
r-release-macos-x86_64 | 3.3 | OK | ||||
r-release-windows-ix86+x86_64 | 3.3 | 34.00 | 116.00 | 150.00 | OK | |
r-oldrel-macos-x86_64 | 3.3 | WARN | ||||
r-oldrel-windows-ix86+x86_64 | 3.3 | 39.00 | 111.00 | 150.00 | OK |
Version: 3.3
Check: package dependencies
Result: ERROR
Package required but not available: 'TDA'
See section 'The DESCRIPTION file' in the 'Writing R Extensions'
manual.
Flavors: r-devel-linux-x86_64-debian-clang, r-devel-linux-x86_64-debian-gcc, r-devel-linux-x86_64-fedora-clang, r-devel-linux-x86_64-fedora-gcc, r-patched-linux-x86_64, r-patched-solaris-x86, r-release-linux-x86_64
Version: 3.3
Check: whether package can be installed
Result: WARN
Found the following significant warnings:
Warning: 'rgl_init' failed, running with rgl.useNULL = TRUE
Flavor: r-oldrel-macos-x86_64
Version: 3.3
Check: dependencies in R code
Result: NOTE
No protocol specified
Flavor: r-oldrel-macos-x86_64
Version: 3.3
Check: S3 generic/method consistency
Result: WARN
No protocol specified
See section ‘Generic functions and methods’ in the ‘Writing R
Extensions’ manual.
Flavor: r-oldrel-macos-x86_64
Version: 3.3
Check: replacement functions
Result: WARN
No protocol specified
The argument of a replacement function which corresponds to the right
hand side must be named ‘value’.
Flavor: r-oldrel-macos-x86_64
Version: 3.3
Check: foreign function calls
Result: NOTE
No protocol specified
See chapter ‘System and foreign language interfaces’ in the ‘Writing R
Extensions’ manual.
Flavor: r-oldrel-macos-x86_64
Version: 3.3
Check: R code for possible problems
Result: NOTE
No protocol specified
Flavor: r-oldrel-macos-x86_64
Version: 3.3
Check: for missing documentation entries
Result: WARN
No protocol specified
All user-level objects in a package should have documentation entries.
See chapter ‘Writing R documentation files’ in the ‘Writing R
Extensions’ manual.
Flavor: r-oldrel-macos-x86_64
Version: 3.3
Check: for code/documentation mismatches
Result: WARN
No protocol specified
No protocol specified
No protocol specified
Flavor: r-oldrel-macos-x86_64
Version: 3.3
Check: Rd \usage sections
Result: NOTE
No protocol specified
The \usage entries for S3 methods should use the \method markup and not
their full name.
See chapter ‘Writing R documentation files’ in the ‘Writing R
Extensions’ manual.
Flavor: r-oldrel-macos-x86_64